
Calculate the remainder when 53684 is divided by 24.
20
Calculate the remainder when 892654 is divided by 144.
142
What is the remainder when 107368 is divided by 15338?
2
Calculate the remainder when 24689 is divided by 380.
369
What is the remainder when 528250 is divided by 52825?
0
Calculate the remainder when 30478 is divided by 12.
10
Calculate the remainder when 21484 is divided by 637.
463
Calculate the remainder when 950189 is divided by 38.
37
What is the remainder when 39079 is divided by 651?
19
Calculate the remainder when 138798 is divided by 82.
54
What is the remainder when 208758 is divided by 21?
18
What is the remainder when 5276 is divided by 527?
6
Calculate the remainder when 253603 is divided by 12.
7
What is the remainder when 2224 is divided by 2144?
80
Calculate the remainder when 3512 is divided by 325.
262
What is the remainder when 92180 is divided by 15351?
74
What is the remainder when 9787 is divided by 1564?
403
Calculate the remainder when 197701 is divided by 401.
8
Calculate the remainder when 38431 is divided by 10.
1
Calculate the remainder when 58626 is divided by 673.
75
Calculate the remainder when 17951 is divided by 1492.
47
What is the remainder when 119553 is divided by 81?
78
What is the remainder when 314 is divided by 255?
59
What is the remainder when 5206 is divided by 4545?
661
What is the remainder when 21098 is divided by 504?
434
Calculate the remainder when 1087 is divided by 351.
34
Calculate the remainder when 9347 is divided by 126.
23
What is the remainder when 26695 is divided by 929?
683
Calculate the remainder when 24797 is divided by 25.
22
What is the remainder when 50072 is divided by 16644?
140
Calculate the remainder when 77211 is divided by 20.
11
What is the remainder when 3793 is divided by 15?
13
Calculate the remainder when 22854 is divided by 3809.
0
Calculate the remainder when 1502 is divided by 221.
176
Calculate the remainder when 27256 is divided by 801.
22
Calculate the remainder when 18929 is divided by 2.
1
Calculate the remainder when 1784 is divided by 83.
41
What is the remainder when 417300 is divided by 199?
196
What is the remainder when 13124 is divided by 13099?
25
Calculate the remainder when 754892 is divided by 14.
12
Calculate the remainder when 4031 is divided by 5.
1
What is the remainder when 11557604 is divided by 285?
284
What is the remainder when 25811 is divided by 385?
16
What is the remainder when 151862 is divided by 286?
282
Calculate the remainder when 945 is divided by 121.
98
Calculate the remainder when 268258 is divided by 30.
28
Calculate the remainder when 14335 is divided by 1791.
7
What is the remainder when 10280 is divided by 209?
39
What is the remainder when 123193 is divided by 105?
28
Calculate the remainder when 2508577 is divided by 633.
631
Calculate the remainder when 3024336 is divided by 466.
462
What is the remainder when 9229 is divided by 72?
13
What is the remainder when 297899 is divided by 241?
23
What is the remainder when 27407 is divided by 1346?
487
What is the remainder when 65405 is divided by 38?
7
Calculate the remainder when 351 is divided by 177.
174
What is the remainder when 7030 is divided by 90?
10
What is the remainder when 554879 is divided by 68?
67
Calculate the remainder when 13021 is divided by 130.
21
Calculate the remainder when 12399 is divided by 2331.
744
What is the remainder when 444071 is divided by 79?
12
What is the remainder when 477449 is divided by 90?
89
Calculate the remainder when 589940 is divided by 188.
184
What is the remainder when 878 is divided by 847?
31
Calculate the remainder when 1071629 is divided by 630.
629
Calculate the remainder when 315279 is divided by 149.
144
What is the remainder when 5309 is divided by 588?
17
Calculate the remainder when 16008 is divided by 56.
48
What is the remainder when 504524 is divided by 25?
24
What is the remainder when 6429 is divided by 460?
449
What is the remainder when 52800 is divided by 34?
32
Calculate the remainder when 1772 is divided by 1731.
41
Calculate the remainder when 8701 is divided by 53.
9
Calculate the remainder when 2884 is divided by 297.
211
Calculate the remainder when 3116 is divided by 1.
0
Calculate the remainder when 31441 is divided by 507.
7
Calculate the remainder when 8760 is divided by 87.
60
Calculate the remainder when 41444 is divided by 72.
44
Calculate the remainder when 13025 is divided by 6457.
111
Calculate the remainder when 12416 is divided by 3081.
92
Calculate the remainder when 144796 is divided by 278.
236
What is the remainder when 56373 is divided by 348?
345
Calculate the remainder when 1115221 is divided by 551.
548
What is the remainder when 25064 is divided by 1670?
14
Calculate the remainder when 4050 is divided by 561.
123
What is the remainder when 33500 is divided by 96?
92
Calculate the remainder when 8616728 is divided by 341.
340
What is the remainder when 1071142 is divided by 215?
12
Calculate the remainder when 8769 is divided by 43.
40
Calculate the remainder when 296535 is divided by 367.
366
What is the remainder when 13809 is divided by 338?
289
What is the remainder when 621219 is divided by 14?
11
Calculate the remainder when 32718 is divided by 32703.
15
Calculate the remainder when 103660 is divided by 17275.
10
What is the remainder when 6529 is divided by 1604?
113
Calculate the remainder when 38707 is divided by 10.
7
What is the remainder when 917 is divided by 394?
129
What is the remainder when 4048 is divided by 93?
49
What is the remainder when 138569 is divided by 5?
4
Calculate the remainder when 27718 is divided by 20.
18
Calculate the remainder when 18248 is divided by 297.
131
What is the remainder when 551910 is divided by 76?
74
What is the remainder when 1198501 is divided by 27?
25
What is the remainder when 16675 is divided by 8318?
39
Calculate the remainder when 147861 is divided by 12.
9
Calculate the remainder when 1538 is divided by 1501.
37
What is the remainder when 3737 is divided by 114?
89
What is the remainder when 1284 is divided by 840?
444
What is the remainder when 13451 is divided by 75?
26
What is the remainder when 64811 is divided by 16198?
19
What is the remainder when 7381770 is divided by 1269?
1266
Calculate the remainder when 115364 is divided by 456.
452
Calculate the remainder when 265978 is divided by 31.
29
What is the remainder when 51791 is divided by 51774?
17
Calculate the remainder when 2452 is divided by 57.
1
What is the remainder when 118892 is divided by 23771?
37
What is the remainder when 24404 is divided by 113?
109
Calculate the remainder when 356197 is divided by 154.
149
Calculate the remainder when 5688 is divided by 1211.
844
What is the remainder when 6634 is divided by 441?
19
Calculate the remainder when 37270 is divided by 1335.
1225
Calculate the remainder when 236685 is divided by 40.
5
What is the remainder when 3090 is divided by 289?
200
Calculate the remainder when 7262 is divided by 125.
12
What is the remainder when 851 is divided by 394?
63
What is the remainder when 5481 is divided by 2208?
1065
What is the remainder when 67982 is divided by 8492?
46
What is the remainder when 53349 is divided by 13?
10
Calculate the remainder when 58115 is divided by 8301.
8
Calculate the remainder when 266742 is divided by 63.
0
What is the remainder when 1110153 is divided by 384?
9
What is the remainder when 3868 is divided by 794?
692
What is the remainder when 235868 is divided by 41?
36
What is the remainder when 7562 is divided by 63?
2
What is the remainder when 7665 is divided by 65?
60
What is the remainder when 1822 is divided by 19?
17
Calculate the remainder when 1333 is divided by 48.
37
What is the remainder when 843322 is divided by 93?
91
Calculate the remainder when 136652 is divided by 70.
12
Calculate the remainder when 47578 is divided by 366.
364
Calculate the remainder when 20769 is divided by 31.
30
What is the remainder when 20838 is divided by 34?
30
What is the remainder when 12120 is divided by 173?
10
What is the remainder when 1658 is divided by 30?
8
Calculate the remainder when 209148 is divided by 67.
41
Calculate the remainder when 643201 is divided by 73.
71
Ca